z prime?
False
Let o(y) = 32*y**2 - 19*y - 92. Is o(-13) prime?
True
Is (1396654/(-98))/((-6)/42) prime?
True
Let q be -1*(5 - (376 - -7)). Suppose -387*u + q*u + 3681 = 0. Is u composite?
False
Let h(r) = -5. Let f(j) = j - 4. Let l(n) = -2*f(n) + 3*h(n). Let c be l(-6). Suppose d - c*d = -2812. Is d composite?
True
Suppose -3*d = 6*d + 774. Let w = -79 - d. Suppose 0 = w*f - f - 2238. Is f a prime number?
True
Suppose w - 108 = -3*w. Let a = w + -24. Suppose 0*s - 4*c = -s + 971, a*s - 2*c = 2903. Is s prime?
True
Let j(k) = -3*k**2 + 10*k + 12. Let d be j(8). Let a be 20/d + 16/5. Suppose f = 5*f + w - 1034, -4*f + a*w = -1042. Is f a prime number?
False
Is ((-3428415)/(-6))/3 - (-14 + (-252)/(-24)) composite?
False
Let i = 2817 - 7222. Let s = i - -19418. Is s a prime number?
True
Is (28 - 6)/(-22)*-668201 a prime number?
True
Let i(m) = -2*m**3 + 19*m**2 + 12*m - 18. Let o be i(10). Suppose 5*b + 0*b - 5*z = 24370, -3*z = -o*b + 9751. Is b a composite number?
False
Let b be (22 - 0)/(9 - 7). Let x(s) = 42*s + 75*s - 5*s + b. Is x(5) a composite number?
False
Suppose -2*m + 174742 = 3*u, -13*m + 5*u - 174726 = -15*m. Is m a composite number?
False
Suppose 120860 + 41286 = 38*m. Suppose 3*y - m = 5828. Is y composite?
True
Let g = 345447 - 50264. Is g composite?
True
Let q = -23785 - -50354. Is q a composite number?
True
Let s(d) = 1163*d**2 + 57*d - 185. Is s(17) prime?
False
Let v(a) = 6*a**2 - 95*a - 12. Let j be v(16). Is (4 - 19/j) + 71582/8 a composite number?
True
Let x = -92632 - -224243. Is x composite?
False
Let t be 2*(-4 + 1 - (7 - 11)). Suppose 0 = -t*k - 3*k - 5*b + 7695, -b + 7711 = 5*k. Is k composite?
False
Let c be -4 + -25*(-13)/1*1. Suppose 2*s = 3*v - 3*s + 982, -5*s - 1356 = 4*v. Let x = c - v. Is x prime?
False
Let l(w) = 444*w**3 - 9*w**2 + 16*w + 27. Is l(4) prime?
False
Suppose 0 = 9*q - 27 - 0. Suppose 2*m - 955 = -q*w, -4*w - 157 = -m + 348. Is m a composite number?
True
Let x = 10987 + 58022. Is x prime?
False
Suppose 30*c + 2*p = 29*c + 69355, 0 = 3*c + 4*p - 208063. Is c a composite number?
True
Let w be (-158334)/(-7) - 1/84*12. Let d = w + -12632. Is d composite?
True
Let b = 2361 + 8600. Is b composite?
True
Let a(o) = -35*o + 179. Let d be a(-30). Let v = d - 560. Is v a composite number?
True
Let s be (-6)/9*(1 + 11/(-2)). Let r be (20/(-5))/(s/(-192)). Suppose 5*i = 3*f - 3236, -i = -2*f + 1913 + r. Is f a prime number?
True
Is ((-589394)/(-39) - 0)*12/8 composite?
False
Let t(x) = -175*x**3 + 2*x**2 - 11*x - 6. Let c be t(-4). Suppose -g + 5*u + 0*u + 2232 = 0, 3*u = 5*g - c. Is g prime?
False
Suppose -61559 = 5*v - 273084. Is v a composite number?
True
Suppose -j - 10*v + 11*v + 417844 = 0, -417844 = -j + 2*v. Suppose -4*s = -4*k + j, 2*s + 5 = 1. Is k a prime number?
True
Suppose -2070 = -10*s + 4*s. Is -1 + (4 - 9) + s a composite number?
True
Suppose 0 = -z - 3*z - 2*u - 28, 5*u = 2*z - 10. Is 14954 + 2*z/(-2) prime?
False
Suppose 9500*b - 9506*b = -66678. Is b prime?
True
Let r = 413443 - 186690. Is r composite?
False
Suppose -p = 4*u - 34861, 4*p = 2*p + 3*u + 69667. Is p composite?
False
Let p be -3 - 30/(-6)*6/10. Let d(q) = -9*q + 2517. Is d(p) composite?
True
Let y = -49734 + 249851. Is y a prime number?
True
Let y be (-131)/((-549)/(-138) - 4). Let h = y + -939. Is h a composite number?
False
Let h = -5182 + -21502. Let g = h - -44655. Is g prime?
True
Let d(v) be the third derivative of v**5/4 + 3*v**4/4 + 26*v**3/3 - 17*v**2 - 2. Is d(19) composite?
True
Let z = 4020 - 2784. Suppose -3*o - 2003 - 65 = -5*w, -3*w = 3*o - z. Is w composite?
True
Let u = 5014 + -3471. Is u composite?
False
Suppose -20113557 = -26*q + 5398553. Is q a prime number?
False
Let p(u) = -50071*u + 697. Is p(-6) a prime number?
True
Let j be 185/25 + (81/(-15) - -6). Let l(a) = 13*a - 82. Is l(j) a composite number?
True
Let q(o) = -5*o**2 + 36*o - 9. Let l be q(7). Is (2/l)/(-1) - 4 - -384 composite?
True
Suppose -51*u - 237117 = -i - 56*u, 2*u = -5*i + 1185677. Is i prime?
True
Let q(r) = 746*r - 12. Let o be q(-3). Let f = 4111 + o. Is f prime?
True
Let g = -37581 + 104650. Is g a prime number?
False
Let r(s) = s**2 - 4*s - 12. Let m be r(6). Suppose 7*c + 14 + 28 = m. Let o(j) = -95*j + 1. Is o(c) composite?
False
Suppose 5*d = -5*b + 110, -5*b + d - 4*d = -106. Let r(k) = 6*k**2 - 4*k - 7. Let u be r(b). Suppose -u - 2469 = -6*c. Is c a prime number?
True
Let a be ((-2)/4*1)/((-2)/12). Suppose b - 1 = a. Suppose 0*i - b*i + 5*o + 581 = 0, 0 = -4*i - 4*o + 608. Is i a prime number?
True
Suppose -343*h + 346*h = -4*w + 755659, 0 = 2*h - 5*w - 503765. Is h a prime number?
False
Let q(w) = w**3 + 4*w**2 - 5*w + 4. Let b be q(-5). Suppose -c - 154 = -5*r, 2*c + 2 = b. Let j = r - 12. Is j a composite number?
False
Let w be (-2973190)/(-50) - -7 - (-2)/10. Suppose 0 = 24*o - 268727 + w. Is o composite?
False
Let q = -539 + 542. Suppose -4*r + 1130 = -q*d - 1446, 3*r = -4*d + 1957. Is r prime?
True
Let v(s) = s**3 + 16*s**2 + 15*s + 16. Let o be v(-15). Suppose -20*u + 14732 = -o*u. Is u a prime number?
False
Let y = -203 + 206. Suppose 0 = -0*d - 2*d + 3*z + 15821, -y*d - z + 23704 = 0. Is d composite?
True
Is (163/(-2) + -2)*-1977 - (-3)/(-6) a composite number?
False
Let r = 7241 + -6839. Let t(p) = -4*p**2 + p - 2. Let v be t(-2). Let s = r + v. Is s composite?
True
Suppose 0 = -3*v - r + 1, -20 = -2*v - 5*r - 2. Let k be 5/5*v - -9. Suppose 171 = k*q - 237. Is q a composite number?
True
Let x(t) = -t**2 + 19*t - 34. Let b be x(17). Let j(q) = -3*q + b - 1 - 49*q. Is j(-1) composite?
True
Let r(i) = -58*i**2 - 9*i + 6. Let w be r(-10). Let q = 7989 + w. Let u = -636 + q. Is u composite?
True
Is (-6293600)/(-45) - (-14)/63 composite?
True
Suppose -411*z - v = -407*z - 237331, 4*v = z - 59337. Is z prime?
True
Is (1/(-2) - 1) + (-2311608)/(-48) composite?
False
Suppose i + 127835 = 3*f + 2*f, 0 = i. Is f prime?
False
Let y(u) = -12*u + 6. Let s be y(0). Is ((-102823)/(-185))/(s/5 - 1) a prime number?
False
Suppose -123*j + 33*j = -57644370. Is j a prime number?
False
Suppose -18*c - 120 = -23*c. Suppose -i + 12 = -5*s - 42, 2*i + c = -2*s. Let u(l) = -2*l + 13. Is u(s) prime?
False
Suppose 4*m = -2*h, -m = 4*h - 4*m. Let k be 2/(-1*(-3 - (h - 2))). Suppose -5*y + 84 + 97 = k*d, -y + 5*d = -47. Is y a composite number?
False
Suppose -330*p + 263*p + 912071 = 0. Is p a composite number?
False
Let k = 71 - 37. Let h = -32 + k. Suppose 4*z = -8 - 4, 2*v + h*z - 352 = 0. Is v composite?
False
Suppose 0 = t + t + 3*n + 819, t = 4*n - 426. Is (-850126)/t + (-8)/18 composite?
False
Suppose -i = 3*s - 11 - 3, -s = 5*i - 56. Suppose i*a = 16*a - 3310. Is (1 - 2)/((-2)/a) a prime number?
True
Let o = -232303 + 579264. Is o composite?
False
Suppose 0 = 3*k - 3*r - 846957, 47*k - 42*k - 1411555 = -3*r. Is k composite?
True
Let b(o) = o**3 - 9*o**2 + o - 6. Let m be b(9). Suppose 4*w - 13212 = m*u - 5476, 0 = -w - 2*u + 1923. Let v = 3862 - w. Is v a prime number?
True
Suppose 114*h = -3*x + 117*h + 20196, -5*h = -4*x + 26929. Is x a composite number?
True
Let g be (-11)/(-22) + (33/2 - -1). Suppose -5*q - g = -48. Is (-84)/(-56)*13036/q prime?
True
Suppose -7*t - 911016 = -19*t. Is (t/12 + 3)/(1/2) composite?
False
Let g = 129313 + -49010. Is g a composite number?
True
Let g = -61 + 61. Suppose 4*h = 2*o - g*o - 28, 3*o + h = 7. Suppose -o*b = -991 - 105. Is b composite?
True
Suppose -112*q + 30203725 + 45762963 = 0. Is q composite?
True
Let b(r) = -48*r**3 + 8*r**2 + 199*r - 34. Is b(-15) a composite number?
False
Suppose v - 67170 = 4*y, -3*v = -v - 4. Is (3/(-6))/(4/y) a prime number?
True
Suppose 5*h + 139 = 149. Suppose -64*u + 3*g - 21956 = -66*u, h*u + 2*g - 21958 = 0. Is u prime?
False
Suppose -6*m + 4*o = -8*m + 196998, 0 = 3*o - 15. Is m composite?
True
Suppose -c = 5*g + 3*c - 75675, 2*c = 2*g - 30288. Is g - -2 - (-9 - (-42)/6) a prime number?
False
Let h(k) = -7*k + 72. Let r be h(10). Suppose r*n + 3*a - 184 = 0, 0 = -n - 4*a + 55 + 32. Is n a composite number?
True
Let u = -2062 + 12530. Suppose -y = -6*y - 5*c + 13090, -3*c = 4*y - u. Is y composite?
True
Suppose -44 = -13*k + 73. Is (1/(3/k))/((-9)/(-9897)) a composite number?
False
Suppose 17*k = -31*k. Suppose -164*g + 157*g + 78701 = k. Is g a prime number